d 370?
185
Calculate the highest common factor of 150 and 60.
30
What is the highest common divisor of 400 and 240?
80
What is the greatest common factor of 4 and 4?
4
What is the greatest common divisor of 19 and 4218?
19
Calculate the highest common factor of 200 and 300.
100
What is the greatest common divisor of 10570 and 168?
14
What is the greatest common factor of 49 and 49?
49
What is the greatest common factor of 154 and 55?
11
What is the greatest common divisor of 88 and 4202?
22
What is the greatest common factor of 2562 and 42?
42
What is the highest common factor of 5552 and 32?
16
Calculate the greatest common divisor of 221 and 39.
13
What is the greatest common divisor of 154 and 53746?
154
What is the greatest common divisor of 1083 and 95?
19
Calculate the highest common divisor of 1110 and 74.
74
What is the highest common factor of 48 and 6408?
24
What is the highest common divisor of 35 and 165375?
35
Calculate the greatest common divisor of 336 and 1428.
84
What is the greatest common divisor of 20 and 52?
4
What is the highest common factor of 116 and 13978?
58
What is the highest common divisor of 595 and 5440?
85
What is the highest common factor of 119 and 408?
17
Calculate the highest common divisor of 17 and 36397.
17
Calculate the highest common factor of 2555 and 14.
7
What is the highest common factor of 15 and 21?
3
What is the highest common factor of 144 and 15696?
144
Calculate the greatest common divisor of 469 and 28.
7
Calculate the highest common factor of 8721 and 19.
19
Calculate the greatest common divisor of 524 and 4.
4
What is the highest common factor of 897 and 273?
39
What is the greatest common divisor of 642 and 30?
6
Calculate the greatest common factor of 115 and 299.
23
Calculate the greatest common factor of 52 and 11908.
52
Calculate the highest common factor of 24 and 1236.
12
What is the greatest common factor of 2074 and 136?
34
Calculate the greatest common factor of 2 and 1070.
2
What is the highest common divisor of 3000 and 40?
40
What is the greatest common divisor of 99 and 4917?
33
What is the greatest common divisor of 16 and 168?
8
What is the greatest common factor of 14 and 938?
14
What is the greatest common factor of 101 and 909?
101
What is the greatest common divisor of 13 and 546?
13
Calculate the highest common factor of 98 and 179438.
98
Calculate the greatest common divisor of 605 and 220.
55
Calculate the highest common factor of 568 and 40.
8
What is the highest common divisor of 260 and 36?
4
What is the highest common factor of 6412 and 1145?
229
Calculate the greatest common divisor of 23 and 1.
1
Calculate the greatest common divisor of 110 and 880.
110
Calculate the highest common factor of 176 and 512.
16
What is the highest common factor of 162 and 12?
6
Calculate the highest common factor of 711 and 18.
9
Calculate the highest common factor of 26 and 2.
2
Calculate the highest common divisor of 135 and 2808.
27
What is the greatest common divisor of 128 and 80?
16
What is the greatest common factor of 182 and 30394?
182
What is the greatest common divisor of 21038 and 134?
134
Calculate the highest common factor of 78 and 6.
6
What is the greatest common divisor of 147 and 357?
21
What is the highest common divisor of 22 and 74602?
22
Calculate the highest common factor of 289 and 323.
17
Calculate the highest common factor of 105 and 615.
15
Calculate the highest common divisor of 2368 and 74.
74
Calculate the highest common factor of 14232 and 24.
24
What is the highest common factor of 517 and 141?
47
Calculate the greatest common factor of 147 and 3.
3
Calculate the highest common factor of 4410 and 245.
245
What is the highest common factor of 884 and 156?
52
Calculate the highest common divisor of 75 and 2800.
25
What is the greatest common divisor of 288 and 2208?
96
What is the greatest common divisor of 54 and 1062?
18
What is the greatest common factor of 10 and 8520?
10
Calculate the highest common divisor of 228 and 12.
12
What is the greatest common factor of 2 and 7090?
2
Calculate the greatest common divisor of 4536 and 270.
54
What is the highest common divisor of 42 and 273?
21
What is the greatest common factor of 4655 and 2695?
245
Calculate the greatest common divisor of 4576 and 715.
143
What is the greatest common divisor of 425 and 170?
85
What is the highest common factor of 25 and 425?
25
What is the highest common divisor of 368 and 328?
8
What is the highest common divisor of 1287 and 1144?
143
Calculate the highest common factor of 25 and 100.
25
What is the highest common divisor of 793 and 305?
61
Calculate the highest common factor of 102 and 33.
3
What is the greatest common factor of 48 and 1776?
48
What is the highest common factor of 216 and 48?
24
What is the greatest common factor of 40 and 900?
20
Calculate the greatest common factor of 5 and 2995.
5
Calculate the highest common divisor of 464 and 58.
58
What is the highest common divisor of 2 and 106?
2
Calculate the greatest common divisor of 316 and 8.
4
Calculate the greatest common divisor of 3133 and 482.
241
What is the greatest common factor of 30 and 585?
15
What is the greatest common factor of 623 and 14?
7
What is the highest common factor of 39 and 767?
13
Calculate the highest common factor of 550 and 1430.
110
What is the greatest common factor of 42 and 672?
42
What is the highest common factor of 5040 and 588?
84
What is the highest common factor of 391 and 272?
17
Calculate the greatest common divisor of 2461 and 230.
23
What is the greatest common divisor of 242 and 1166?
22
What is the greatest common factor of 460 and 1932?
92
Calculate the greatest common divisor of 910 and 21.
7
What is the greatest common divisor of 6817 and 289?
17
What is the highest common divisor of 48 and 12?
12
Calculate the greatest common divisor of 33 and 143.
11
What is the highest common divisor of 114 and 3?
3
Calculate the highest common factor of 26 and 65.
13
Calculate the highest common factor of 275 and 22.
11
What is the greatest common divisor of 47 and 4747?
47
Calculate the greatest common factor of 451 and 41.
41
What is the greatest common divisor of 412 and 7931?
103
Calculate the greatest common factor of 13 and 39.
13
Calculate the greatest common factor of 89 and 8.
1
Calculate the greatest common divisor of 15 and 9.
3
Calculate the greatest common factor of 1769 and 232.
29
What is the highest common divisor of 115 and 391?
23
What is the highest common factor of 2907 and 2052?
171
Calculate the greatest common divisor of 1079 and 13.
13
What is the greatest common divisor of 190 and 40?
10
What is the greatest common factor of 169 and 17?
1
What is the greatest common factor of 15 and 165?
15
Calculate the highest common factor of 713 and 124.
31
What is the greatest common divisor of 100 and 425?
25
What is the greatest common divisor of 52 and 299?
13
Calculate the highest common divisor of 125 and 1350.
25
What is the highest common divisor of 8512 and 49?
7
What is the greatest common factor of 1440 and 90?
90
Calculate the highest common factor of 444 and 12.
12
What is the greatest common divisor of 476 and 2278?
34
What is the greatest common factor of 150 and 675?
75
What is the highest common divisor of 1600 and 4960?
160
Calculate the greatest common factor of 8 and 36.
4
Calculate the greatest common divisor of 32 and 32.
32
Calculate the highest common divisor of 648 and 11502.
162
Calculate the greatest common divisor of 1457 and 47.
47
Calculate the greatest common divisor of 27 and 2334.
3
Calculate the highest common divisor of 820 and 180.
20
What is the highest common factor of 8989 and 1157?
89
Calculate the highest common divisor of 476 and 84.
28
Calculate the highest common factor of 20930 and 78.
26
Calculate the greatest common factor of 84 and 564.
12
Calculate the highest common divisor of 128 and 17728.
64
What is the highest common factor of 6 and 562?
2
What is the highest common factor of 3120 and 65?
65
What is the greatest common divisor of 77 and 4719?
11
Calculate the greatest common divisor of 66 and 32.
2
What is the greatest common factor of 9575 and 75?
25
Calculate the highest common divisor of 1625 and 100